ber?
False
Suppose -x + 155 + 86 = d, 480 = 2*x + d. Suppose -514 = -3*j + x. Is j a composite number?
False
Let w(v) = -v**3 - 4*v**2 - v + 2. Let d be w(-4). Suppose -2*h - 2 = -5*m, d = -0*m + m + h. Is 1*m - (-296 + 3) a prime number?
False
Suppose 3*r - 10644 = c, -4*r - 5*c + 3532 = -3*r. Is r a composite number?
False
Suppose -a - 130 - 19 = 0. Suppose 0 = -5*k + 2*w + 20, w + 2*w = -k + 21. Is (a/3)/((-2)/k) composite?
False
Let f(i) = 9*i**2 - 32*i + 36. Is f(25) a composite number?
False
Suppose 30421 = 5*d + 24*d. Is d prime?
True
Let y = -28 - 49. Let w = -33 - y. Suppose 0 = 5*k - w - 381. Is k a prime number?
False
Let w(s) = -9882*s - 115. Is w(-1) a composite number?
False
Let r(a) = 7*a + 21. Let j be r(2). Suppose 0 = -2*k - k. Suppose k = 3*n - 2*n - j. Is n a composite number?
True
Let y = 800 - 554. Let b = -119 + y. Is b prime?
True
Let l = -1857 + 1845. Let h(z) = 90*z - 4. Let m be h(5). Is (m/(-4))/(3/l) a composite number?
True
Suppose 3*f + 14 = -1, 0 = 3*n - 5*f - 5851. Is n composite?
True
Let z(x) = 18*x**2 - x + 1. Let m be z(1). Suppose m*i + 1192 = 3478. Is i prime?
True
Let y(b) = b**3 - 5*b**2 + 3. Let o be y(5). Suppose f + o = 4. Is 30 + f/1 + 0 a composite number?
False
Suppose 0 = -6*f + 9*f - 7815. Is f a composite number?
True
Suppose 0 = -2*a - 12*l + 15*l + 61526, 5*a - 153781 = -l. Is a composite?
False
Let f = -47 + -59. Let c be -3*3/9 - f. Suppose -5*h = -3*m + c, 4*h = -3*m - 32 + 137. Is m a composite number?
True
Let g(u) = -4*u**2 - 21*u - 2. Let c be g(-5). Suppose c = 3*t, i + 0*t = -t + 54. Is i a composite number?
False
Let y = -22890 - -34971. Is y composite?
True
Is 35597/4 - (-86)/(-344) a prime number?
False
Let z(a) = 3*a - 3. Let g be z(2). Suppose 0 = g*y - y - 1486. Is y a prime number?
True
Let z(s) = s**2 + s - 2. Let h be z(-2). Suppose -2*p + 404 + 330 = h. Is p a composite number?
False
Suppose 0*y = -4*y. Suppose y = d - 0*d + 124. Let k = d + 203. Is k a composite number?
False
Suppose 5*s + n = 103824, -5*s + 39202 = 4*n - 64619. Is s prime?
False
Is -1*(5 - (3835 + 3)) a prime number?
True
Suppose -4*k + 36639 - 11224 = i, -2*k + 2*i = -12700. Is k a prime number?
True
Let v be 6/(-9) + 12/(-9). Is 4/v*790/(-20) composite?
False
Let r(b) = -b**3 + b. Let a(l) = 6*l**3 - 13*l**2 - 12*l - 5. Let z(o) = a(o) + 5*r(o). Let h be z(11). Is -3 - 0 - h/6 a prime number?
False
Suppose -d = -11*d + 36830. Is d prime?
False
Suppose 417626 = 46*r - 24*r. Is r a prime number?
False
Let x(i) = -1 - 8 - 11*i**2 - i**3 - 3*i + 21*i. Is x(-13) composite?
True
Suppose 13990 = -318*w + 328*w. Is w a prime number?
True
Let g = -120 + 125. Suppose -8327 = -g*p - 6*p. Is p composite?
False
Let y = -279 + 701. Is y prime?
False
Suppose 8*p = 4*m + 10*p - 184462, 3*m = -4*p + 138339. Is m prime?
False
Let n be (-8)/(-2) - 4/(-1). Is (-2)/((n/(-3614))/2) a prime number?
False
Suppose -4*n - 14 = 3*s, 9 = -3*s + 5*n + 40. Suppose -3*o + 3325 = -0*r + s*r, 0 = o + 3*r - 1106. Is o composite?
False
Let x(j) = 14*j**3 + 7*j**3 - 2*j**2 - j - 171*j**3. Let y(s) = -s**2 - 8*s - 8. Let h be y(-7). Is x(h) composite?
False
Let p = -1004 - -1652. Let o be 358 + 5/((-15)/9). Let r = p - o. Is r a composite number?
False
Let l(u) = -2*u**2 + 8*u - 7. Let q be l(3). Is (28 - 29)*(q - 9870) a composite number?
False
Let a(v) = -55*v + 1. Let p be a(16). Let m = p - -1604. Suppose 14*q = 9*q + m. Is q prime?
False
Suppose 0 = -2*u + 5*y + 65271 + 19936, 85219 = 2*u - y. Is u composite?
False
Suppose 658 + 3389 = -3*b. Let d = b + 2833. Suppose 0 = z - 5*z + d. Is z prime?
False
Suppose -4*l + 2*l + 1637 = 5*p, p - 2*l - 337 = 0. Suppose -76 + 224 = -2*m. Let f = p - m. Is f composite?
True
Suppose -45*h + 4595652 = 1807947. Is h a composite number?
False
Suppose 5*w - 3 = -j + 11, 5*j + w = 70. Suppose 0*a = 3*a - 4*q + j, 3*a + 2*q = -2. Is a/(-4)*(5 + 469) a prime number?
False
Let s(p) = 16*p**3 - 7*p**2 - 23*p + 6. Let c be s(7). Let y = c - -3475. Is y a composite number?
True
Let f = -1069 + 180. Is (f/(-7))/((-3)/153*-3) a prime number?
False
Suppose -111*f - 298515 = -146*f. Is f a composite number?
True
Suppose 0 = 2*l, v = -4*v + 4*l + 5. Let z be v*-192*4/(-6). Let i = z + -1. Is i a prime number?
True
Suppose 3*q - 1698 = 5*g, -3*q - g = -384 - 1332. Is q a composite number?
False
Suppose 4*p - 5*c = 89165, -2*p + 6*p = c + 89145. Is p prime?
False
Let o = -165286 - -309927. Is o a composite number?
True
Let b = 54 - 33. Suppose -4*l + 3 = -b. Is ((-1784)/12)/((-4)/l) composite?
False
Let c(t) = -14*t**3 - 19*t**2 - 69*t + 25. Is c(-14) composite?
True
Let p = -6367 + 12656. Is p a prime number?
False
Let c = 164 + -105. Is c composite?
False
Let z = -2988 + 6865. Is z prime?
True
Let n(x) = -553*x - 458. Is n(-19) composite?
True
Let n = 23 + -11. Suppose 6*u - n = 3*u. Is 1326/4 + (-2)/u a prime number?
True
Suppose 0 = p + 2*b - 2989, p = 2*b - 126 + 3135. Is p a composite number?
False
Let q(h) = -8*h - h**3 - h**3 - 23 + 14*h**2 + 0*h**3. Let x(b) = b**3 - 7*b**2 + 4*b + 12. Let a(o) = -6*q(o) - 11*x(o). Is a(7) composite?
True
Suppose 0 = -5*l - 3*r + 110954, 33*l + 44387 = 35*l + 3*r. Is l composite?
False
Suppose 5*u - 18*u + 79651 = 0. Is u a composite number?
True
Let n = 273 + -126. Suppose -d - 94 = -k, -477 = 5*d + 3*k - 7. Let x = d + n. Is x composite?
False
Let h = 870 + -499. Let b = h + 318. Is b a composite number?
True
Suppose -n = -0*n + 10048. Is (-9)/(36/n) + 1 a composite number?
True
Let v(i) = -14*i + 24. Let c(j) = 28*j - 49. Let p(f) = 3*c(f) + 7*v(f). Is p(-7) a composite number?
True
Let g be 2 - 34/18 - (-52855)/99. Let l = g + -265. Is l prime?
True
Suppose 17 = -2*j + 895. Is j composite?
False
Let k(o) = -o**3 - 3*o**2 + 5*o + 25841. Is k(0) composite?
False
Let t be 10/6 - ((-4)/3)/1. Suppose t*k - 172 = 83. Is k a prime number?
False
Suppose -12 - 6 = -3*b - 3*g, 18 = 2*b + 5*g. Suppose b*s - 3 = 5. Suppose s*m + 71 - 2373 = 0. Is m composite?
False
Suppose 2*a - 3 = b + 1, -2 = 4*b - a. Let k be 7/4 + (-2)/(-8). Suppose k*i = 4*x - 42, 5*x + i = -b*i + 49. Is x composite?
True
Let f = 500 + -1217. Let n = f + 1220. Let h = -210 + n. Is h composite?
False
Is (2/(-6))/(-1 - 106480/(-106482)) a composite number?
False
Suppose -4*x + 11 = -5. Suppose x*m - 4*q = -472, 0 = -4*m - 2*q - 87 - 415. Let g = m + 190. Is g a composite number?
False
Let c(l) = l**2 + 13*l - 10. Let m be c(-14). Suppose 5*i + 760 = m*r, 0*r + 3*r + 639 = -4*i. Let s = i + 322. Is s a composite number?
True
Is 87933/18 - (-3 + (-19)/(-6)) composite?
True
Let n(o) = -897*o + 31. Is n(-6) a prime number?
True
Suppose 2*x + 4 = 6*x. Let a be 6/4*-186 + x. Is (0 + a)*(-4)/8 a prime number?
True
Suppose -5*q - 23 = 3*g + 1, -2*g = 4*q + 18. Let o be (-1)/((-1)/((-8)/2)). Is q*((-1524)/(-9))/o a prime number?
True
Let n = 10429 - 7434. Is n prime?
False
Let l(m) = -m - 3. Let s be l(-6). Suppose -2*v + s = 11. Is v/12 + (-86)/(-6) prime?
False
Suppose 4*z - 39 + 19 = 0. Suppose -s - 5 = -z*a - 2*s, 3*a + 2*s + 4 = 0. Suppose a*t + 3*p - 1265 = 0, -2*t + 4*p + 838 = -420. Is t a composite number?
False
Suppose -w - 4 = 0, -3*w = 4*g - 16874 - 15422. Is g a prime number?
False
Suppose -r + 1773 = 136. Is r a prime number?
True
Let z(r) = 6 - 2 + 31*r + 2 - 2. Let v be z(5). Suppose d - 96 = -3*s, 5*s = -4*d + 2*d + v. Is s composite?
True
Let d(b) be the second derivative of 107*b**4/6 - b**3 - 3*b**2/2 + 31*b. Is d(-2) prime?
False
Let h be 3 - ((-65)/(-55) - 2/11). Suppose 5*y = -5*q + 1490, 5*q - 605 = -4*y + h*y. Is y a prime number?
False
Let b(i) = 318*i. Let p be b(3). Suppose 3810 = -o - 5*o. Let t = p + o. Is t a composite number?
True
Suppose -5*v - 7 = -4*v. Let a(x) = 3*x**2 + 14*x - 14. Is a(v) a composite number?
True
Let m(z) = -127*z - 91*z + 11 + 44*z - 2. Let x be m(-7). Suppose -x = -5*k + 2*k. Is k prime?
True
Let g be ((-8)/12)/(3/(-162)). Let l = 75 - g. Is l a prime number?
False
Let n(r) = r**3 + 33*r**2 - 69*r + 80. Is n(-33) composite?
False
Let w(p) be the first derivative of 4*p**3/3 - p**2 - 3*p - 1. Let x(o) = 14*o + 88. Let d be x(-6). Is w(d) composite?
False
Let k = -25 - -9. Let i = 13 + k. Let g(w) = 22*w**2 - 4*w - 9. Is g(i) a prime number?
False
Suppose 6393 